{"id":25,"date":"2009-06-30T17:43:53","date_gmt":"2009-06-30T15:43:53","guid":{"rendered":"https:\/\/www.boriszatko.com\/?page_id=25"},"modified":"2015-09-21T14:45:29","modified_gmt":"2015-09-21T12:45:29","slug":"arbeitsprozess","status":"publish","type":"page","link":"https:\/\/www.boriszatko.com\/?page_id=25","title":{"rendered":"Arbeitsprozess"},"content":{"rendered":"<p style=\"text-align: center;\"><img decoding=\"async\" loading=\"lazy\" class=\"alignnone size-full wp-image-138\" title=\"Abstand\" src=\"https:\/\/www.boriszatko.com\/wp-content\/uploads\/Abstand.jpg\" alt=\"Abstand\" width=\"89\" height=\"70\" \/><\/p>\n<p style=\"text-align: center;\">BURGSCHULHAUS RIEHEN JUBIL\u00c4UMSPLAKAT<\/p>\n<p>Das folgende Plakat habe ich anl\u00e4sslich des 100-Jahr-Jubil\u00e4ums der Schule angefertigt, an der meine Frau arbeitet.<\/p>\n<p>Nachdem der Entwurf angenommen wurde, begab ich mich zum Schulhaus, um es genauer in Augenschein zu nehmen. Dabei machte ich ein paar Fotos von Au\u00dfen wie von Innen, um kleine Details einzufangen, die ich sp\u00e4ter ins fertige Bild eingebaut habe.<\/p>\n<p><a href=\"https:\/\/www.boriszatko.com\/wp-content\/uploads\/Burgi-Making-of-1.jpg\"><img decoding=\"async\" loading=\"lazy\" class=\"alignnone size-full wp-image-521\" title=\"Burgi-Making-of-1\" src=\"https:\/\/www.boriszatko.com\/wp-content\/uploads\/Burgi-Making-of-1.jpg\" alt=\"Burgi-Making-of-1\" width=\"890\" height=\"567\" srcset=\"https:\/\/www.boriszatko.com\/wp-content\/uploads\/Burgi-Making-of-1.jpg 890w, https:\/\/www.boriszatko.com\/wp-content\/uploads\/Burgi-Making-of-1-300x191.jpg 300w\" sizes=\"(max-width: 890px) 100vw, 890px\" \/><\/a><\/p>\n<p>Aufgrund der Eindr\u00fccke zeichnete ich den n\u00e4chsten Grobentwurf, in den ich nun die kleinen Verzierungen, die ich abgelichtet hatte, einbaute. Da sich in der Mitte des Bildes eine Art Kirmes befindet, fotografierte ich mich in verschiedenen Stellungen, um geeignete Vorlagen f\u00fcr die darauf abgebildeten Leute zu haben.<\/p>\n<p><a href=\"https:\/\/www.boriszatko.com\/wp-content\/uploads\/Burgi-Making-of-2.jpg\"><img decoding=\"async\" loading=\"lazy\" class=\"alignnone size-full wp-image-520\" title=\"Burgi-Making-of-2\" src=\"https:\/\/www.boriszatko.com\/wp-content\/uploads\/Burgi-Making-of-2.jpg\" alt=\"Burgi-Making-of-2\" width=\"890\" height=\"567\" srcset=\"https:\/\/www.boriszatko.com\/wp-content\/uploads\/Burgi-Making-of-2.jpg 890w, https:\/\/www.boriszatko.com\/wp-content\/uploads\/Burgi-Making-of-2-300x191.jpg 300w\" sizes=\"(max-width: 890px) 100vw, 890px\" \/><\/a><\/p>\n<p>Daraus zeichnete ich die Vorlage f\u00fcr die Feinzeichnung.<\/p>\n<p><a href=\"https:\/\/www.boriszatko.com\/wp-content\/uploads\/Burgi-Making-of-3.jpg\"><img decoding=\"async\" loading=\"lazy\" class=\"alignnone size-full wp-image-519\" title=\"Burgi-Making-of-3\" src=\"https:\/\/www.boriszatko.com\/wp-content\/uploads\/Burgi-Making-of-3.jpg\" alt=\"Burgi-Making-of-3\" width=\"890\" height=\"567\" srcset=\"https:\/\/www.boriszatko.com\/wp-content\/uploads\/Burgi-Making-of-3.jpg 890w, https:\/\/www.boriszatko.com\/wp-content\/uploads\/Burgi-Making-of-3-300x191.jpg 300w\" sizes=\"(max-width: 890px) 100vw, 890px\" \/><\/a><\/p>\n<p>Diese druckte ich auf A3 aus und zeichnete auf einem Leuchtpult die Reinzeichnung.<\/p>\n<p><a href=\"https:\/\/www.boriszatko.com\/wp-content\/uploads\/Burgi-Making-of-4.jpg\"><img decoding=\"async\" loading=\"lazy\" class=\"alignnone size-full wp-image-518\" title=\"Burgi-Making-of-4\" src=\"https:\/\/www.boriszatko.com\/wp-content\/uploads\/Burgi-Making-of-4.jpg\" alt=\"Burgi-Making-of-4\" width=\"890\" height=\"567\" srcset=\"https:\/\/www.boriszatko.com\/wp-content\/uploads\/Burgi-Making-of-4.jpg 890w, https:\/\/www.boriszatko.com\/wp-content\/uploads\/Burgi-Making-of-4-300x191.jpg 300w\" sizes=\"(max-width: 890px) 100vw, 890px\" \/><\/a><\/p>\n<p>Diese Strichzeichnung scannte ich ein und kolorierte sie in Photoshop. Und so sieht das fertige Plakat aus:<\/p>\n<p><a href=\"https:\/\/www.boriszatko.com\/wp-content\/uploads\/Burgi-Making-of-5B.jpg\"><img decoding=\"async\" loading=\"lazy\" class=\"alignnone size-full wp-image-517\" title=\"Burgi-Making-of-5A\" src=\"https:\/\/www.boriszatko.com\/wp-content\/uploads\/Burgi-Making-of-5A.jpg\" alt=\"Burgi-Making-of-5A\" width=\"890\" height=\"709\" srcset=\"https:\/\/www.boriszatko.com\/wp-content\/uploads\/Burgi-Making-of-5A.jpg 890w, https:\/\/www.boriszatko.com\/wp-content\/uploads\/Burgi-Making-of-5A-300x238.jpg 300w\" sizes=\"(max-width: 890px) 100vw, 890px\" \/><\/a><\/p>\n<p>Dieses &#8222;Making of&#8220; soll nur einen groben \u00dcberblick \u00fcber meine Arbeitsweise darstellen. In naher Zukunft habe ich vor, jeden dieser Schritte genauer zu erkl\u00e4ren.<\/p>\n<p><img decoding=\"async\" loading=\"lazy\" class=\"alignnone size-full wp-image-138\" title=\"Abstand\" src=\"https:\/\/www.boriszatko.com\/wp-content\/uploads\/Abstand.jpg\" alt=\"Abstand\" width=\"89\" height=\"70\" \/><\/p>\n<p style=\"text-align: center;\">JAZAM-COVER<\/p>\n<p>F\u00fcr den sechsten Band des j\u00e4hrlich erscheinenden Comic-Sammelbandes <a href=\"http:\/\/www.jazam.de\" target=\"_blank\">JAZAM<\/a>, f\u00fcr den ich ja auch schon einmal eine <a href=\"https:\/\/www.boriszatko.com\/wp-content\/uploads\/Uncut-Comic.jpg\" target=\"_blank\">Kurzgeschichte<\/a> beigesteuert hatte, durfte ich das Titelbild gestalten. Hat mir gro\u00dfen Spa\u00df gemacht, und darum zeige ich unten stehend eine kurze Arbeitsfolge vom ersten Entwurf bis zum fertigen Bild.<\/p>\n<p><a href=\"https:\/\/www.boriszatko.com\/wp-content\/uploads\/jazam_6-Cover-Making-of.jpg\"><img decoding=\"async\" loading=\"lazy\" class=\"alignnone size-full wp-image-536\" title=\"jazam_6-Cover-Making-of\" src=\"https:\/\/www.boriszatko.com\/wp-content\/uploads\/jazam_6-Cover-Making-of.jpg\" alt=\"jazam_6-Cover-Making-of\" width=\"890\" height=\"3322\" srcset=\"https:\/\/www.boriszatko.com\/wp-content\/uploads\/jazam_6-Cover-Making-of.jpg 890w, https:\/\/www.boriszatko.com\/wp-content\/uploads\/jazam_6-Cover-Making-of-80x300.jpg 80w, https:\/\/www.boriszatko.com\/wp-content\/uploads\/jazam_6-Cover-Making-of-274x1024.jpg 274w\" sizes=\"(max-width: 890px) 100vw, 890px\" \/><\/a><\/p>\n<p><img decoding=\"async\" loading=\"lazy\" class=\"alignnone size-full wp-image-138\" title=\"Abstand\" src=\"https:\/\/www.boriszatko.com\/wp-content\/uploads\/Abstand.jpg\" alt=\"Abstand\" width=\"89\" height=\"70\" \/><\/p>\n<p style=\"text-align: center;\">SKIZZENBUCH<\/p>\n<p>Einmal die Woche g\u00f6nne ich mir wenigstens einen halben Tag, um mich irgendwo mit meinem Skizzenbuch hinzusetzen und einfach zu zeichnen. Dabei fange ich mit irgendeinem Detail an und arbeite mich spinnennetzartig weiter. Das Zeichnen dauert dann zwar etwas l\u00e4nger, entspannt aber auch ungemein.<\/p>\n<p><a href=\"https:\/\/www.boriszatko.com\/wp-content\/uploads\/Boris-Zatko-Skizzenbuch011B.jpg\" target=\"_blank\">Hier<\/a> ist \u00fcbrigens das fertige Bild.<\/p>\n<p><a href=\"https:\/\/www.boriszatko.com\/wp-content\/uploads\/Gerbergaesslein-ArbeitsschritteB.jpg\"><img decoding=\"async\" loading=\"lazy\" class=\"alignnone size-full wp-image-577\" title=\"Gerbergaesslein-ArbeitsschritteA\" src=\"https:\/\/www.boriszatko.com\/wp-content\/uploads\/Gerbergaesslein-ArbeitsschritteA.jpg\" alt=\"Gerbergaesslein-ArbeitsschritteA\" width=\"890\" height=\"906\" srcset=\"https:\/\/www.boriszatko.com\/wp-content\/uploads\/Gerbergaesslein-ArbeitsschritteA.jpg 890w, https:\/\/www.boriszatko.com\/wp-content\/uploads\/Gerbergaesslein-ArbeitsschritteA-294x300.jpg 294w\" sizes=\"(max-width: 890px) 100vw, 890px\" \/><\/a><\/p>\n<p style=\"text-align: center;\">LESEECKE<\/p>\n<p style=\"text-align: center;\"><a href=\"https:\/\/www.boriszatko.com\/wp-content\/uploads\/Leseecke-Making-Off-1.jpg\"><img decoding=\"async\" loading=\"lazy\" class=\"aligncenter size-full wp-image-1366\" title=\"Leseecke-Making-Off-1\" src=\"https:\/\/www.boriszatko.com\/wp-content\/uploads\/Leseecke-Making-Off-1.jpg\" alt=\"Leseecke-Making-Off-1\" width=\"890\" height=\"1217\" srcset=\"https:\/\/www.boriszatko.com\/wp-content\/uploads\/Leseecke-Making-Off-1.jpg 890w, https:\/\/www.boriszatko.com\/wp-content\/uploads\/Leseecke-Making-Off-1-219x300.jpg 219w, https:\/\/www.boriszatko.com\/wp-content\/uploads\/Leseecke-Making-Off-1-748x1024.jpg 748w\" sizes=\"(max-width: 890px) 100vw, 890px\" \/><\/a><\/p>\n<p style=\"text-align: center;\"><a href=\"https:\/\/www.boriszatko.com\/wp-content\/uploads\/Leseecke-Making-Off-2.jpg\"><img decoding=\"async\" loading=\"lazy\" class=\"aligncenter size-full wp-image-1365\" title=\"Leseecke-Making-Off-2\" src=\"https:\/\/www.boriszatko.com\/wp-content\/uploads\/Leseecke-Making-Off-2.jpg\" alt=\"Leseecke-Making-Off-2\" width=\"890\" height=\"1217\" srcset=\"https:\/\/www.boriszatko.com\/wp-content\/uploads\/Leseecke-Making-Off-2.jpg 890w, https:\/\/www.boriszatko.com\/wp-content\/uploads\/Leseecke-Making-Off-2-219x300.jpg 219w, https:\/\/www.boriszatko.com\/wp-content\/uploads\/Leseecke-Making-Off-2-748x1024.jpg 748w\" sizes=\"(max-width: 890px) 100vw, 890px\" \/><\/a><\/p>\n<p style=\"text-align: center;\"><a href=\"https:\/\/www.boriszatko.com\/wp-content\/uploads\/Leseecke-Making-Off-3.jpg\"><img decoding=\"async\" loading=\"lazy\" class=\"aligncenter size-full wp-image-1364\" title=\"Leseecke-Making-Off-3\" src=\"https:\/\/www.boriszatko.com\/wp-content\/uploads\/Leseecke-Making-Off-3.jpg\" alt=\"Leseecke-Making-Off-3\" width=\"890\" height=\"1217\" srcset=\"https:\/\/www.boriszatko.com\/wp-content\/uploads\/Leseecke-Making-Off-3.jpg 890w, https:\/\/www.boriszatko.com\/wp-content\/uploads\/Leseecke-Making-Off-3-219x300.jpg 219w, https:\/\/www.boriszatko.com\/wp-content\/uploads\/Leseecke-Making-Off-3-748x1024.jpg 748w\" sizes=\"(max-width: 890px) 100vw, 890px\" \/><\/a><\/p>\n<p style=\"text-align: center;\"><a href=\"https:\/\/www.boriszatko.com\/wp-content\/uploads\/Leseecke-Making-Off-4.jpg\"><img decoding=\"async\" loading=\"lazy\" class=\"aligncenter size-full wp-image-1363\" title=\"Leseecke-Making-Off-4\" src=\"https:\/\/www.boriszatko.com\/wp-content\/uploads\/Leseecke-Making-Off-4.jpg\" alt=\"Leseecke-Making-Off-4\" width=\"890\" height=\"1217\" srcset=\"https:\/\/www.boriszatko.com\/wp-content\/uploads\/Leseecke-Making-Off-4.jpg 890w, https:\/\/www.boriszatko.com\/wp-content\/uploads\/Leseecke-Making-Off-4-219x300.jpg 219w, https:\/\/www.boriszatko.com\/wp-content\/uploads\/Leseecke-Making-Off-4-748x1024.jpg 748w\" sizes=\"(max-width: 890px) 100vw, 890px\" \/><\/a><\/p>\n<p style=\"text-align: center;\"><a href=\"https:\/\/www.boriszatko.com\/wp-content\/uploads\/Leseecke-Making-Off-5.jpg\"><img decoding=\"async\" loading=\"lazy\" class=\"aligncenter size-full wp-image-1362\" title=\"Leseecke-Making-Off-5\" src=\"https:\/\/www.boriszatko.com\/wp-content\/uploads\/Leseecke-Making-Off-5.jpg\" alt=\"Leseecke-Making-Off-5\" width=\"890\" height=\"1217\" srcset=\"https:\/\/www.boriszatko.com\/wp-content\/uploads\/Leseecke-Making-Off-5.jpg 890w, https:\/\/www.boriszatko.com\/wp-content\/uploads\/Leseecke-Making-Off-5-219x300.jpg 219w, https:\/\/www.boriszatko.com\/wp-content\/uploads\/Leseecke-Making-Off-5-748x1024.jpg 748w\" sizes=\"(max-width: 890px) 100vw, 890px\" \/><\/a><\/p>\n","protected":false},"excerpt":{"rendered":"<p>BURGSCHULHAUS RIEHEN JUBIL\u00c4UMSPLAKAT Das folgende Plakat habe ich anl\u00e4sslich des 100-Jahr-Jubil\u00e4ums der Schule angefertigt, an der meine Frau arbeitet. Nachdem der Entwurf angenommen wurde, begab ich mich zum Schulhaus, um es genauer in Augenschein zu nehmen. Dabei machte ich ein paar Fotos von Au\u00dfen wie von Innen, um kleine Details einzufangen, die ich sp\u00e4ter ins [&hellip;]<\/p>\n","protected":false},"author":1,"featured_media":0,"parent":0,"menu_order":0,"comment_status":"closed","ping_status":"closed","template":"","meta":{"footnotes":""},"_links":{"self":[{"href":"https:\/\/www.boriszatko.com\/index.php?rest_route=\/wp\/v2\/pages\/25"}],"collection":[{"href":"https:\/\/www.boriszatko.com\/index.php?rest_route=\/wp\/v2\/pages"}],"about":[{"href":"https:\/\/www.boriszatko.com\/index.php?rest_route=\/wp\/v2\/types\/page"}],"author":[{"embeddable":true,"href":"https:\/\/www.boriszatko.com\/index.php?rest_route=\/wp\/v2\/users\/1"}],"replies":[{"embeddable":true,"href":"https:\/\/www.boriszatko.com\/index.php?rest_route=%2Fwp%2Fv2%2Fcomments&post=25"}],"version-history":[{"count":11,"href":"https:\/\/www.boriszatko.com\/index.php?rest_route=\/wp\/v2\/pages\/25\/revisions"}],"predecessor-version":[{"id":1370,"href":"https:\/\/www.boriszatko.com\/index.php?rest_route=\/wp\/v2\/pages\/25\/revisions\/1370"}],"wp:attachment":[{"href":"https:\/\/www.boriszatko.com\/index.php?rest_route=%2Fwp%2Fv2%2Fmedia&parent=25"}],"curies":[{"name":"wp","href":"https:\/\/api.w.org\/{rel}","templated":true}]}}